ghest common divisor of 3630 and 28650.
30
What is the greatest common divisor of 58222 and 215?
43
What is the highest common divisor of 165 and 94941?
33
Calculate the highest common factor of 2775 and 963480.
555
What is the greatest common divisor of 308 and 182391?
11
Calculate the greatest common divisor of 70378 and 308.
154
Calculate the highest common factor of 80508 and 12.
12
What is the greatest common factor of 71680 and 1520?
80
Calculate the greatest common divisor of 5137 and 33.
11
What is the greatest common divisor of 130 and 114465?
65
Calculate the greatest common factor of 99826 and 259.
37
What is the highest common factor of 1311 and 3243?
69
What is the highest common factor of 48408 and 96?
24
What is the greatest common factor of 16577 and 411?
137
Calculate the greatest common factor of 1360 and 6545.
85
What is the greatest common divisor of 116578 and 154?
154
Calculate the greatest common factor of 10358 and 2.
2
Calculate the greatest common factor of 17413 and 176.
11
What is the greatest common factor of 162 and 181683?
81
Calculate the greatest common divisor of 373851 and 117.
9
What is the highest common divisor of 30 and 1568070?
30
Calculate the greatest common factor of 476 and 10268.
68
Calculate the greatest common divisor of 744 and 122667.
93
What is the highest common factor of 119 and 145129?
17
Calculate the highest common factor of 247515 and 435.
435
Calculate the highest common divisor of 154 and 36971.
11
Calculate the greatest common factor of 3000 and 17700.
300
What is the greatest common factor of 140 and 8260?
140
Calculate the highest common factor of 3936 and 112.
16
Calculate the greatest common divisor of 356 and 39516.
356
Calculate the highest common factor of 44979 and 1739.
47
What is the greatest common factor of 180 and 11343?
3
What is the highest common divisor of 530440 and 80?
40
What is the highest common divisor of 98307 and 2376?
297
What is the greatest common factor of 165 and 228195?
165
What is the greatest common divisor of 22990 and 1501?
19
Calculate the greatest common divisor of 24 and 11157648.
24
What is the greatest common factor of 6716 and 299?
23
Calculate the highest common divisor of 1884 and 288.
12
Calculate the greatest common divisor of 80628 and 1344.
12
What is the highest common divisor of 178 and 5251?
89
Calculate the greatest common divisor of 4862740 and 40.
20
Calculate the highest common factor of 140965 and 11.
11
What is the highest common divisor of 141299 and 101?
101
Calculate the greatest common factor of 8479 and 1159.
61
Calculate the greatest common factor of 7950 and 135.
15
Calculate the highest common divisor of 21 and 380968.
7
What is the greatest common factor of 120 and 38328?
24
What is the highest common divisor of 215464 and 230?
46
Calculate the highest common divisor of 600 and 9325.
25
What is the highest common factor of 1298 and 474419?
649
Calculate the greatest common factor of 11646 and 54.
18
What is the greatest common divisor of 5 and 255?
5
What is the highest common divisor of 3600297 and 27?
9
What is the highest common factor of 11629 and 725?
29
What is the highest common factor of 50680 and 3080?
280
Calculate the greatest common factor of 5643 and 55917.
513
What is the greatest common divisor of 140 and 92155?
35
Calculate the highest common divisor of 20760 and 660.
60
What is the greatest common factor of 6255 and 26688?
417
Calculate the highest common divisor of 1946 and 19208.
14
What is the highest common divisor of 338 and 66040?
26
Calculate the greatest common factor of 16 and 14218096.
16
Calculate the greatest common divisor of 53 and 267756.
53
Calculate the highest common divisor of 315 and 78925.
35
What is the greatest common factor of 3 and 2370099?
3
Calculate the greatest common divisor of 28362 and 7134.
174
What is the highest common divisor of 191015 and 220?
55
What is the highest common divisor of 1093540 and 105?
35
What is the highest common divisor of 3 and 226311?
3
Calculate the highest common divisor of 60451 and 427.
61
What is the greatest common divisor of 19463375 and 125?
125
What is the greatest common divisor of 364 and 134732?
52
Calculate the greatest common divisor of 308 and 5348.
28
What is the highest common factor of 45374 and 294?
98
What is the highest common divisor of 98178 and 6?
6
Calculate the highest common divisor of 65600 and 2880.
320
Calculate the highest common divisor of 1573 and 101387.
143
What is the highest common factor of 71190 and 420?
210
What is the highest common factor of 481499 and 118?
59
What is the greatest common divisor of 11303 and 30353?
127
Calculate the greatest common divisor of 71795 and 6920.
865
What is the greatest common divisor of 16 and 1112536?
8
What is the greatest common divisor of 127 and 1802638?
127
What is the highest common divisor of 13568 and 15317?
53
Calculate the greatest common divisor of 1500 and 49525.
25
Calculate the highest common factor of 3564 and 113076.
324
Calculate the highest common divisor of 162 and 505845.
81
Calculate the greatest common factor of 14443 and 404.
101
What is the greatest common factor of 30081 and 888?
111
What is the highest common divisor of 20 and 634420?
20
What is the highest common factor of 78056 and 803?
11
What is the highest common divisor of 445 and 3685757?
89
What is the greatest common divisor of 70 and 66290?
70
What is the greatest common divisor of 30852 and 60?
12
Calculate the highest common divisor of 6 and 656154.
6
What is the highest common divisor of 1676 and 65783?
419
What is the greatest common factor of 714 and 14450?
34
Calculate the greatest common divisor of 373 and 83.
1
Calculate the greatest common divisor of 147445 and 2405.
185
What is the greatest common factor of 1197 and 240483?
57
What is the highest common divisor of 586419 and 987?
141
Calculate the highest common factor of 3419658 and 198.
198
What is the highest common divisor of 2526815 and 790?
395
Calculate the greatest common factor of 9 and 38517.
3
What is the highest common factor of 357 and 1121932?
119
What is the highest common factor of 8 and 3578?
2
Calculate the highest common factor of 13069 and 84.
7
Calculate the greatest common divisor of 14053 and 292669.
611
Calculate the greatest common factor of 190 and 562685.
95
Calculate the highest common factor of 576 and 2130240.
192
Calculate the highest common divisor of 351865 and 30.
5
What is the greatest common factor of 25095 and 1407?
21
What is the highest common factor of 159 and 25175?
53
Calculate the greatest common factor of 320 and 68416.
64
What is the greatest common factor of 47871 and 1917?
27
Calculate the highest common divisor of 224 and 350980.
28
Calculate the highest common divisor of 3760 and 8380.
20
What is the greatest common factor of 9346200 and 1684?
1684
What is the highest common factor of 23576 and 5473?
421
Calculate the greatest common factor of 555 and 5760.
15
Calculate the highest common factor of 2511 and 13284.
81
What is the highest common factor of 92868 and 96?
12
What is the highest common divisor of 15 and 122670?
15
Calculate the highest common factor of 900 and 297675.
225
What is the greatest common divisor of 288 and 6288?
48
What is the greatest common divisor of 903474 and 3432?
858
Calculate the greatest common divisor of 76800 and 390.
30
Calculate the greatest common factor of 6939 and 45684.
27
What is the highest common factor of 1305 and 3142875?
435
What is the greatest common divisor of 208 and 977951?
13
Calculate the greatest common factor of 3924 and 57879.
981
Calculate the greatest common divisor of 162 and 111402.
54
Calculate the highest common divisor of 1128 and 9917.
47
What is the highest common factor of 72 and 144714?
6
What is the highest common factor of 6647 and 16184?
289
What is the highest common divisor of 158 and 200107?
79
Calculate the highest common factor of 11940 and 5830.
10
What is the greatest common factor of 2514234 and 358?
358
What is the greatest common factor of 381 and 2159?
127
What is the greatest common factor of 5678 and 2686?
34
What is the greatest common factor of 112 and 5796?
28
Calculate the highest common facto